y 2.
0
Let z(o) = o**2 + o + 3. What is the remainder when z(-3) is divided by (-3)/(45/(-6))*10?
1
Suppose 3*q = 7*q - 128. Let s = q - 18. Let t = -48 - -89. What is the remainder when t is divided by s?
13
Calculate the remainder when ((-12)/8)/(3/(-116)) is divided by 20.
18
Let n(t) be the second derivative of -23*t**3/6 + 5*t. What is the remainder when n(-1) is divided by 8?
7
Let j = 14 + 5. Suppose 3*m - m - 18 = 0. Suppose 4*x = m + 19. What is the remainder when j is divided by x?
5
Suppose 4*h - 296 = 4*b, -4*h + 3*b + 378 = h. What is the remainder when h is divided by 20?
18
Let r be 8/(-6) - 4/(-12). Let p(g) = -9*g + 1. Let v = 96 + -67. What is the remainder when v is divided by p(r)?
9
Let b = 93 - 56. Suppose 3*m - 9*m = 36. Let z = 4 - m. Calculate the remainder when b is divided by z.
7
Let o = 11 + -6. Suppose 0 = -o*v - n + 195, -4*v - 2*n + 3*n = -156. Suppose -5 = 2*r - v. What is the remainder when r is divided by 9?
8
Let y(a) = 2*a**2 + 6*a + 5. Let o be ((-10)/15)/((-1)/3). Suppose -q - 5*x = -o*q + 29, 3*x = -15. What is the remainder when y(-3) is divided by q?
1
Let o = 13 - 6. Suppose -p = 5*b, 0*p + 3*p - 2*b = 0. Let c = p + 19. Calculate the remainder when c is divided by o.
5
Let g = 28 - 16. Let t(r) = -r**3 + 5*r**2 + 2*r - 1. Let h = 6 - 2. What is the remainder when t(h) is divided by g?
11
Let n(t) = -t**3 + 13*t**2 - 16*t + 1. What is the remainder when n(11) is divided by 7?
4
Suppose o - 13 = -2*j, 3*o - 3*j + 0*j = -6. Let g = 1 + -5. Let q = g - -8. Calculate the remainder when q is divided by o.
1
Let d(z) = z**2 + 4*z - 7. Calculate the remainder when 6 is divided by d(-6).
1
What is the remainder when 51 is divided by (-2)/(-3)*(1 - (-125)/10)?
6
Let t be 2 + (-7 - -2) - -7. Suppose t*x - 30 - 6 = 0. What is the remainder when x is divided by 5?
4
Let n(i) = -i**3 + 5*i**2 - 2*i + 4. What is the remainder when 21 is divided by n(3)?
5
Suppose 0 = 2*b + 8, g = -2*g + 2*b + 23. Calculate the remainder when 45 is divided by 24*(3 - g/2).
9
Suppose 0 = 3*b - 2*b - 14. Let s = 17 + b. Let v = 14 - 3. Calculate the remainder when s is divided by v.
9
Let y = -512 - -1082. Calculate the remainder when y is divided by 52.
50
What is the remainder when -1 - 1/(-1) - 66/(-3) is divided by 5?
2
Suppose -2*j + 5*i = 10, -2*j + 2*i = 3*i - 14. What is the remainder when 6 is divided by -4 + 1 + (j - -2)?
2
Let k(g) = g**2 - g. What is the remainder when 37 is divided by k(-4)?
17
Let a(d) = -d**2 - 8*d - 12. Calculate the remainder when a(-5) is divided by 1.
0
Suppose 101*g = 97*g + 524. What is the remainder when g is divided by 19?
17
Let u be -3 + (-1)/((-2)/(-6)). Calculate the remainder when (-3)/(u/88) - 3 is divided by (0 - (-4)/10)*35.
13
Suppose -s - 23 + 219 = 5*a, 5*s = -3*a + 100. What is the remainder when a is divided by 21?
19
Suppose -12 = -g + 4*g. Calculate the remainder when (g/(-10))/((-5)/(-300)) is divided by 13.
11
Suppose 0 = -a + 4 + 12. Suppose -14 = -3*p + a. What is the remainder when p is divided by 3?
1
Let r(u) = -11*u + 4. Let q be r(-3). Let f = -23 + q. Suppose -a = -3*a + f. Calculate the remainder when a is divided by 4.
3
Suppose 0 = 2*k - 0*k - 68. Let z = k + -20. Calculate the remainder when z is divided by 4.
2
Let x(h) = 12*h**2 - 2*h + 2. Let o be x(1). What is the remainder when 37 is divided by o + (-3 - 12/(-3))?
11
Let b(f) = 2*f - 4. Let j be b(3). Suppose 3*i - 26 = 2*v, -j*v + 13 = 2*i + v. What is the remainder when 14 is divided by i?
6
Let b = -10 + 18. Suppose 2*i - b + 0 = 0. Let d = i - -12. What is the remainder when d is divided by 6?
4
Suppose -2*r + 2*s = 11 + 5, 0 = -2*r + s - 18. Let y = 20 + r. Suppose 10*f - 5*f = y. Calculate the remainder when f is divided by 1.
0
What is the remainder when 25 is divided by (-29)/(-4) - (-1)/(-4)?
4
Let v be 2 + 1 - (-5 + 6). Suppose 4*b - 16 = v*b. Calculate the remainder when 15 is divided by b.
7
Let w(p) = -2 + 1 + 1 - 14*p + 4. Let j be w(-4). Suppose j = -2*m + 7*m. Calculate the remainder when 22 is divided by m.
10
Let y(r) = r**3 + 3*r**2 - 17*r + 13. Calculate the remainder when 109 is divided by y(-6).
4
Let i(f) = -2*f + 3. Calculate the remainder when 67 is divided by i(-7).
16
Let u be 54 - (0 - 3 - -4). Suppose 3*t = u + 31. Calculate the remainder when 109 is divided by t.
25
Let x(u) = 12*u - 40. Calculate the remainder when x(12) is divided by 21.
20
Calculate the remainder when 13*((-30)/(-5))/3 is divided by 14.
12
Suppose -99 = -3*g + 18. Suppose 0 = -4*o + 9 + g. Calculate the remainder when 46 is divided by o.
10
Let w(d) = 2*d**3 - 5*d**2 - d**2 - 5 - d**3 - 6*d. Suppose 0 = 5*q - 4*o + 2, -o + 0 = 2*q - 7. Calculate the remainder when w(7) is divided by q.
0
Let s = 6 + 25. Suppose -z + s = -23. What is the remainder when z is divided by 14?
12
Let w = -15 + 27. Suppose 0 = 2*b, -5*d + 4*b = -d - w. Calculate the remainder when d is divided by 2.
1
Let b(w) = w**2 - 6*w + 13. What is the remainder when 25 is divided by b(6)?
12
Suppose 5*n = 206 + 14. Calculate the remainder when n is divided by 9.
8
Suppose -146 - 118 = -4*b. Let w(c) = 4*c**2 + c. Let x be w(-1). Suppose 0*h - x*h + b = 0. What is the remainder when h is divided by 6?
4
Let p(k) = 19*k**2 + 4*k - 2. Let h(m) = 11*m**3 + 2*m**2 - m. What is the remainder when p(1) is divided by h(1)?
9
Let h(i) = 3*i. Let b(g) = g**2 - 3*g - 4. Let r be b(3). Let d(c) = -c**2 - 4*c + 1. Let x be d(r). Calculate the remainder when 11 is divided by h(x).
2
Suppose 0 = 4*c - 7*c + 6. Suppose -5*k - 2*z = -37, k + 4*k - 2*z = 33. What is the remainder when 284/14 + c/(-7) is divided by k?
6
Let x(t) = 10*t + 2. Let r(y) = 2*y**3 + 2*y**2 + y. Let v be r(-3). Let l = -27 - v. Calculate the remainder when x(2) is divided by l.
10
Let q = -1 - -12. Calculate the remainder when 21 is divided by q.
10
Let x(z) = z**3 - 2*z**2 - z - 1. Let k be x(3). Let b(f) = 2*f**2 - 4*f - 5. Calculate the remainder when b(k) is divided by 9.
7
Let x = 4 + -4. Suppose 5*s = -2*n + 24, 18 = n - x*n + s. Suppose -j - 2*c + n = 0, 4*j - 3*c + 6*c - 78 = 0. What is the remainder when j is divided by 10?
8
Suppose 2*r - 22 - 22 = 0. What is the remainder when r is divided by 5?
2
Let r(t) = t**2 - t + 11. Let n(j) = 5*j**2 + 3*j. What is the remainder when r(-6) is divided by n(-2)?
11
Let o(a) = 2*a**3 - 6*a**2 + a - 1. Let s be o(4). Suppose -x = -3*i + 6*i - s, -i = 3*x - 121. Calculate the remainder when x is divided by 14.
13
Let w be 488/(-9) + (-4)/(-18). Let n = w + 81. Calculate the remainder when n is divided by 14.
13
Suppose z - 378 = -6*z. Calculate the remainder when z is divided by 16.
6
Let c(l) = l**2 + 3*l + 1. Suppose 5*f + 21 = -6*y + 7*y, -82 = -5*y + 2*f. What is the remainder when c(4) is divided by y?
13
Let h(q) = 2*q - 3. Suppose 5*u - 125 = v - 3*v, 0 = -2*u + 4*v + 50. Let x = 44 - u. Calculate the remainder when x is divided by h(5).
5
What is the remainder when -2*(-71)/4*2 is divided by 12?
11
Let i = -54 - -100. Let m = i - 24. Let k = 19 - 11. Calculate the remainder when m is divided by k.
6
Suppose 0 = -v - v + 54. Let d = v - -9. Suppose -j = -5*j + d. Calculate the remainder when 17 is divided by j.
8
Let x be 34/(-3*(-3)/36). Suppose -6*t = -2*t - x. What is the remainder when t is divided by 9?
7
Let h = 5 - 3. Let p(x) = -6*x + 1. Let s be p(-1). Suppose -3*o = 2*k - 13, -2*o + 5*k - 30 = -s*o. Calculate the remainder when h is divided by o.
0
Let m = -25 + 81. Suppose 2*y - 36 = -0*y. Let i = y - -1. What is the remainder when m is divided by i?
18
Suppose 1 = 5*j - 39. What is the remainder when j is divided by 57/21 + 2/7?
2
Let d(x) = -x**3 + 7*x**2 + 13*x + 5. What is the remainder when d(8) is divided by 16?
13
Suppose 3*m = 2*r + 81, 3*m - 4*r - 46 = 41. What is the remainder when m is divided by 15?
10
Suppose -4*m = -3*w - 5*m - 2, -2*w - 2*m = 4. Suppose w = u - 0*u - 10. What is the remainder when ((-4)/u)/((-2)/20) is divided by 2?
0
Suppose 7*q - 27 = -2*q. What is the remainder when 21 is divided by q?
0
Let m be 4/20 - 36/5. Let b = m + 10. Let q = 6 - b. Calculate the remainder when 5 is divided by q.
2
Suppose -4*r + 3*a = -68, 3*a = r - 0*a - 17. Let k(v) = -5*v + 2. What is the remainder when k(-6)